hen b is divided by 18?
15
Suppose h - 5*x = -45, -2*x + 75 = -3*h + x. Let t = h - -81. Let y = 98 - t. Calculate the remainder when y is divided by 19.
18
Let r(w) = -174*w - 418. Calculate the remainder when r(-9) is divided by 83.
69
Let s(d) = d**3 - 3*d**2 - 7*d - 3. Let o = 311 + -282. Calculate the remainder when s(7) is divided by o.
28
Suppose 752 - 2567 = -129*f + 7989. Let g(r) = -47*r + 3. Calculate the remainder when g(-8) is divided by f.
75
Let q(h) = 2*h**2 - 26*h - 223. What is the remainder when q(-25) is divided by 835?
7
Let f = -30 + 94. Let a = -45 - -49. Suppose 2*p - 42 = -4*l, -9 = -3*p + a*l + 4. What is the remainder when f is divided by p?
9
Let u(o) = -10*o**2 + 64 + 21*o - 152 + o**3 - 5*o**2. What is the remainder when 14/(4/(-14)*-1) is divided by u(14)?
9
Let y = -464 - -1050. Suppose -3*z + 850 = y. What is the remainder when 172 is divided by z?
84
Let k = -11481 + 14959. What is the remainder when k is divided by 29?
27
Let z(b) = b**2 - 16*b + 133. Calculate the remainder when 142 is divided by z(14).
37
Suppose -8*s - 237 = -1581. Let a = s + -146. Calculate the remainder when 65 is divided by a.
21
Let v(y) = -8*y + 1. Let w = -237 - -376. What is the remainder when v(-6) is divided by 6/(-16) + w/8?
15
Let i be 88/(-66)*(-81)/1. Let h = i + -67. Calculate the remainder when 111 is divided by h.
29
Let t = 12 + 28. Let q = 47 - t. Let p = -9 - -36. What is the remainder when p is divided by q?
6
Let k be (2 - 2)/2 + 4. Let l(q) = -47*q + 52. Let t be l(1). Suppose t*m - a - 146 = 0, 3*m + 0*m - 74 = k*a. What is the remainder when m is divided by 9?
3
Suppose -5*r + 1458 = 3*f, 44*f - r = 43*f + 502. What is the remainder when 510 is divided by f?
14
Suppose -43 = 12*o - 91. Suppose o*g = -4*k + 116, -10*g + 4*k - 56 = -12*g. What is the remainder when g is divided by (-2)/(-7) + (-162)/(-21)?
6
Let h be (138/(-207))/((-4)/90). Let k = h + 134. What is the remainder when k is divided by 30?
29
Suppose -2296*y = -2275*y - 3318. Let l = -31 + 63. Calculate the remainder when y is divided by l.
30
Let t(w) = -5908*w + 17752. Let z = 424 + -233. Calculate the remainder when z is divided by t(3).
23
Let o be 6*17 + (-8 - -6). Let z be (-25)/o + (-49)/(-4). Suppose 36 = z*b - 9*b. Calculate the remainder when 23 is divided by b.
11
Let d(s) = 7*s - 6. Let n be d(4). Suppose -5*k + n = 2. Suppose 5*f = -5, 4*p - 34 = -k*f + 142. What is the remainder when p is divided by 12?
9
Suppose -34828 = -18*a + 3458. What is the remainder when a is divided by 8?
7
Let j(l) = -694*l + 5690. What is the remainder when 1097 is divided by j(8)?
131
Let q(x) be the first derivative of 13*x**2 - 13*x - 74. What is the remainder when 389 is divided by q(2)?
38
Let a(h) = 12*h**2 - 14*h - 715. Calculate the remainder when a(-35) is divided by 77.
76
Suppose 67310 = 70*j + 64860. Let p(v) = 6*v**2 + 5*v + 4. Let m be p(-3). Suppose -100 + m = -3*t. Calculate the remainder when j is divided by t.
16
Let i(y) = -2*y**3 - 9*y**2 - 9*y + 6. Let g be i(-4). Calculate the remainder when 297 is divided by (3/(-5))/(g/(-520)).
9
Suppose -12*h + 16*h - 960 = -4*j, 5*j + 192 = h. Suppose 5*l + 27 - 222 = 0. What is the remainder when h is divided by l?
37
Let w(p) = -5*p**2 + p + 4. Let f = 6 + -4. Let m be w(f). What is the remainder when 2 is divided by -1 - -1 - (12 + m)?
0
Let t = -206 + 214. Let w(s) = s + 10. Calculate the remainder when w(15) is divided by t.
1
Let q be 110/(-15) + (16/12)/(-2). Calculate the remainder when (-394)/(-6) - 1/(-3) is divided by q/(-24)*(69 + 0).
20
Let u(y) = 58*y**3 + y**2 - 3*y + 1. Let s be u(1). Suppose -11*l - s = -343. Calculate the remainder when 100 is divided by l.
22
Let f(r) be the second derivative of r**5/20 - 5*r**4/12 + r**3/3 + 4*r**2 + 25*r. What is the remainder when -4 + -2 + (28 - -4) is divided by f(5)?
8
Let q(o) = 64*o + 6. Let u be q(5). Calculate the remainder when u/6 + 56/84 is divided by 29.
26
Let v(z) = z**3 + 10*z**2 - 2*z - 20. Let p be v(-10). Suppose p = j - 3*a, 0*j = j + 2*a - 20. Calculate the remainder when 38 is divided by j.
2
Let d(t) = 2*t**3 - 84*t**2 - 166*t + 100. What is the remainder when d(44) is divided by 130?
20
Let p = 52 + -62. Let x be (p/8)/(11/(-176)). What is the remainder when 57 is divided by (2/((-16)/x))/(1/(-6))?
12
Let f be (-3)/5 - (-6 - (-54)/10). Let w(b) = b**3 - 2*b**2 - 2*b - 487. Let h be w(f). Let d = 682 + h. Calculate the remainder when d is divided by 28.
27
Let y = -294 - -479. What is the remainder when 11282 is divided by y?
182
Let z(s) = 5*s**2 - 133*s + 120. Calculate the remainder when 347 is divided by z(27).
173
Suppose n - 95 = 4*x + 9, -3*x + 387 = 3*n. Let a = n + -72. What is the remainder when a is divided by 14 + ((-15)/(-35) - 3/7)?
10
Suppose 0 = -3*b + 3*k + 66, -4*k + 74 = 2*b + 3*b. Suppose -5*s + 4*q = -89 + 15, 3*s - 5*q - 47 = 0. Calculate the remainder when b is divided by s.
4
Suppose 4*h = -3*s - 3, -5*s - 492 = -467. What is the remainder when 17 is divided by h?
2
Suppose -3*i = 3*n + 147, 0*n + 4*n + 191 = -3*i. Calculate the remainder when 351/(-54)*(n - (3 - 1)) is divided by 15.
14
Calculate the remainder when (-26 - -16)*-94 + 15 is divided by 22.
9
Let z = 26726 - 26505. What is the remainder when 837 is divided by z?
174
Let k = 5721 + -5181. Calculate the remainder when k is divided by 78.
72
Let w = 5 - 0. Let y = 115 + -90. Suppose 0 = -y*s + 24*s + 11. Calculate the remainder when s is divided by w.
1
Let n be 16 - (-3 + 9 + 0). Suppose 16*q = n*q + 114. Calculate the remainder when 183/2 - (-2)/4 is divided by q.
16
Let u = -846 - -951. Calculate the remainder when 213 is divided by u.
3
Suppose -2174 = -51*g - 185. What is the remainder when 56 is divided by g?
17
Suppose -22*s + 9*s + 204 = 35. Calculate the remainder when 1102 is divided by s.
10
Let j be (12/(-36) - (-178)/12)*6. Let r = j - 62. What is the remainder when 45 is divided by r?
20
Let k be (24/32)/((-7)/8 - -1). Suppose 5*u = -y - 56, 2*y - u + k*u = -97. Let p = 67 + y. What is the remainder when p is divided by 9?
8
Suppose 0 = -3*p + 4*f + 28 - 1, 2*p = -f + 18. Let k(w) = -2*w**3 - 15*w**2 - 59*w - 321. Calculate the remainder when k(-7) is divided by p.
7
Suppose -3*r - 12 = -4*r - 4*z, -3*z + 43 = 5*r. Suppose r*i - 1767 + 607 = 0. Calculate the remainder when i is divided by 30.
25
Let y = 8124 - 7462. What is the remainder when y is divided by 48?
38
Let w = -51519 - -51644. Suppose 0 = -2*c + 5*c - 63. What is the remainder when w is divided by c?
20
Let y be 6*(5 + 245/(-42)). Calculate the remainder when 63 is divided by (-2)/(-8) + 497/28 + y.
11
Let f(z) = -8*z + 5. Let j = 681 + 112. Suppose 16*x - j = 1719. What is the remainder when x is divided by f(-6)?
51
Let a(n) = -n**2 - 4*n + 5. Let x be a(-4). Suppose -4*h = x*p - 248, 5*h - 9 = 1. What is the remainder when (-19)/3*(-1 + -29) is divided by p?
46
Suppose -141 = 5*a + 84. Let t be 6 + -2 - (81 + -6). Let b = a - t. Calculate the remainder when 51 is divided by b.
25
Let u(a) = a. Let h be (16 - -1628)*6/(-24). Let b = 417 + h. Calculate the remainder when u(6) is divided by b.
0
Let g = 1565 + -1237. Calculate the remainder when g is divided by 47.
46
Suppose 11*f + 39 = 3*c + 16*f, 2*c + 3*f - 24 = 0. What is the remainder when 1391 is divided by c?
2
Let k(g) = -3*g + 5. Suppose 4*j - 2*j - 8 = 0. Let z be 0/((-5)/(20/8)) - j. Calculate the remainder when 32 is divided by k(z).
15
Suppose -181*a = -70*a - 178*a + 7102. Calculate the remainder when a is divided by 46.
14
Calculate the remainder when 800/2 - -2 - 0 is divided by (-7 - (-8 + (-56)/(-24)))*(-50 - 1).
62
Calculate the remainder when 532 is divided by (1*(-7)/21)/(3/(-513)).
19
Suppose 27*c - 588 - 5758 = -307*c. What is the remainder when 371 is divided by c?
10
Suppose -68 = 36*f - 21*f - 293. Calculate the remainder when 1901 is divided by f.
11
Suppose 4*j + 26*g - 2932 = 30*g, -2*j + g + 1469 = 0. Calculate the remainder when j is divided by 245.
1
Let j be 8/(-6) + ((-600)/(-9))/8. What is the remainder when 62 is divided by (1/5*j + -3)*-10?
14
Let s(z) = -8*z - 31. Suppose -16*x = -20*x + h - 24, 0 = -3*x + 2*h - 13. What is the remainder when 69 is divided by s(x)?
19
Suppo